*d + 89500, 0 = 2025*q - 2020*q + 4*d - 89530. List the prime factors of q.
2, 8951
Suppose 14*c = 19*c - 375. Suppose 66*d + 5958 = c*d. List the prime factors of d.
2, 331
Let m = 27511 + 81433. What are the prime factors of (m/(-132))/((-8)/6)?
619
Let b = -12 + 50. Let h = -447 - -455. Let q = b - h. List the prime factors of q.
2, 3, 5
Let o(w) = -2*w**2 + 5. Let d be o(-4). Let f be -3 + (-3 - -6)*80/6. Let c = f + d. What are the prime factors of c?
2, 5
Let j be ((-1)/(-2))/(((-136)/1616)/17). Let a = 66 - j. What are the prime factors of a?
167
Let h = -165 + -3370. Let d = h + 5000. List the prime factors of d.
5, 293
Let f(v) = 5*v - 15. Suppose -40 + 70 = 5*q. Suppose 3*y = q + 24. What are the prime factors of f(y)?
5, 7
Let f(d) = 22*d**2 + d. Let l = -24 + 20. Let z be 1/(-1 + l/(-8)). What are the prime factors of f(z)?
2, 43
Suppose 17754 = -0*s + 4*s + 2*k, -3*s - 5*k + 13319 = 0. Let f = s + -3159. What are the prime factors of f?
1279
Let r(f) = -159*f**3 + f**2 + 2*f + 2. Let g be (-12)/66 - (-90)/11. Let t(i) = 5*i - 41. Let s be t(g). List the prime factors of r(s).
2, 5
What are the prime factors of ((34 - 32) + 8/(-2))/((-14)/89873)?
37, 347
Let k(t) be the third derivative of t**5/60 + 37*t**3/2 - 21*t**2. Let h be k(0). Let i = -15 + h. What are the prime factors of i?
2, 3
List the prime factors of (6/(-9)*-4)/(4377815/257517 - 17).
2, 3, 31, 71
Let s(h) be the first derivative of 2*h**3 + 9*h**2 + 3*h + 18. List the prime factors of s(9).
3, 7, 31
Suppose -2162 - 1046 = -8*x. Suppose -4*r = 2*k - r + 273, -3*k + 4*r - x = 0. What are the prime factors of (-3933)/k - (-2)/(-15)?
29
What are the prime factors of (-28808100)/(-360)*(-6)/(-15)?
32009
Suppose -3*f + 2*s - 15 = 0, -f + 20 = -5*f + 3*s. Let g be (-6 - f)/(-1 - (-2)/3). Suppose -4*a + 417 = -y, 3*a = g*y + 2*y + 300. List the prime factors of a.
3, 5, 7
Let d = -7616 + 13267. Suppose 31*y - d - 4703 = 0. What are the prime factors of y?
2, 167
Let p be 16/10 - 58/(-145). Suppose -p*f = -10, -4*f - 1768 = 5*l - 8613. List the prime factors of l.
3, 5, 7, 13
Let b(v) = v**3 - 58*v**2 - 225*v + 531. What are the prime factors of b(64)?
3, 43, 83
Let x(f) = 3*f**2 - 4*f + 14. Let h(m) = -4*m**2 + 5*m - 14. Let y(w) = 4*h(w) + 5*x(w). Let s be y(4). List the prime factors of 3/(5/(-105)*1/s).
2, 3, 7
Suppose 0 = -29*w + 41*w - 58992. List the prime factors of w.
2, 1229
List the prime factors of 1090701/207 - 2/23.
11, 479
Suppose -1966*a - 24 = -1962*a. What are the prime factors of a*2889/36*(-4)/3?
2, 3, 107
Let c(t) = t**3 - t**2 + 2*t + 4. Let z be c(-2). Let h be z/3 - -2*11. Let r = h - -21. What are the prime factors of r?
3, 13
Suppose -2*c - 132 = -3*x + 506, -5*x = -c - 305. Let d = c - -418. List the prime factors of d.
3, 31
Suppose 32404 = 42*p - 4388. Suppose 9*c + p = 7563. What are the prime factors of c?
743
What are the prime factors of (357/(-68))/(7/(-672))?
2, 3, 7
Suppose -33*a - 584063 = 95011. List the prime factors of 4/(-18) - a*7/126.
3, 127
Let z(p) = -6*p**3 + p**2 - 25*p - 150. List the prime factors of z(-9).
2, 3, 5, 151
Suppose -6*l = -8*l, 3*t + 2*l = 66168. Suppose -41*n + 29*n + t = 0. What are the prime factors of n?
2, 919
List the prime factors of (-279)/(-186) - (37683/(-2) + 2).
83, 227
Suppose 4770*b - 4749*b - 202209 = 0. What are the prime factors of b?
9629
Suppose -2*y - 34180 + 272310 = 5*a, -a + 3*y + 47643 = 0. What are the prime factors of a?
2, 3, 7
Suppose 0 = 5*f - 3*t - 6012, -2*f + 4*t - 5*t + 2396 = 0. List the prime factors of f.
2, 3, 5
Suppose -476 = 59*a - 63*a. List the prime factors of (-901)/a*-7*1.
53
Let p(y) = y**2 - y - 8. Let j be p(5). Let a be (28/j)/(4/12). List the prime factors of 355/a - (-4)/14.
3, 17
Let a(m) = 131*m - 16. Let p be a(17). Suppose 0 = 3*x - u - 1327, 4*u - 5*u = -5*x + p. What are the prime factors of x?
2, 13, 17
Suppose -622 = 22*p - 23*p. Suppose -k + p = k. List the prime factors of k.
311
Let c = 96 + -181. Let o = c - -137. What are the prime factors of (680/6)/(o/78)?
2, 5, 17
Suppose -31506 = -2*c + 5*p, 31514 = -6*c + 8*c - 3*p. List the prime factors of c.
11, 1433
Let k(s) be the first derivative of s**3/3 - 10*s - 2. Let p(j) = 2*j**2 - j - 1. Let f be p(-2). List the prime factors of k(f).
71
Let h(v) = -v**3 - 54*v**2 - 71*v + 321. What are the prime factors of h(-54)?
3, 5, 277
Let p(l) = l**2 + 15*l - 36. Let f be p(-17). Let z be (f + 3)*85*5. Suppose -9*g + z = -484. What are the prime factors of g?
101
Let u = -82 - -83. Let w be 8/(-2) - (u + -536). What are the prime factors of (4 - 11/3)*w?
3, 59
Suppose 0*j - 2*j + 140 = 0. Let t = -146 + j. Let d = t - -180. What are the prime factors of d?
2, 13
Let g = -6556 + 14977. What are the prime factors of g?
3, 7, 401
Suppose 11952 = 4*b - 2648. What are the prime factors of b?
2, 5, 73
Let p = 21 + -13. Suppose -234 - 246 = p*w. Let i = 92 + w. What are the prime factors of i?
2
Suppose 2*s + 3*z - 5350 = 0, -5*s - 7228 = -z - 20620. Suppose 0 = i + 3*j - 940, -5*j - 793 + s = 2*i. What are the prime factors of i?
5, 191
Suppose 34*i + 37*i - 448536 = 27*i. What are the prime factors of i?
2, 3, 1699
Let j(b) = 132*b**2 + 63*b + 30. What are the prime factors of j(-11)?
3, 7
Let b(v) = -33*v + 20. Let w be b(-4). Suppose 10*q - w + 12 = 0. What are the prime factors of (-620)/(-14) + -2*2/q?
2, 11
Let x(j) = 37*j**2 + 25*j + 94. Let r be 12/((-1188)/539) - (-4)/9. What are the prime factors of x(r)?
2, 3, 149
Let g = -3167 + 4820. What are the prime factors of g?
3, 19, 29
Let f(l) be the third derivative of l**5/10 + 29*l**4/24 - l**3/6 + 11*l**2 - 4. What are the prime factors of f(-7)?
2, 3, 5
Let a be 8/(2 - 2 - 2) - -2170. Suppose 4*m - a = -2*v, 538 = 2*m + 2*v - 544. What are the prime factors of m?
2, 271
Let y(x) = -18*x + 129. Let z be y(7). Suppose -z*w - 766 + 1954 = 0. List the prime factors of w.
2, 3, 11
Let d be 16/10*(-45)/(-2). Let z = 53 - d. What are the prime factors of (z/4)/(11/88)?
2, 17
Let p = -13769 - -25605. List the prime factors of p.
2, 11, 269
Let n = 54 + -51. Let k(w) = n - 33*w + 7 + 24 + 24. What are the prime factors of k(-5)?
223
Let p(j) = 4*j + 21. Let u be 3/(-5) + 1056/110. What are the prime factors of p(u)?
3, 19
Let u(z) = 15988*z**2 + 19*z - 41. List the prime factors of u(2).
63949
Let h(t) = -161*t**3 - 3*t**2 - 2*t. Suppose -4*a = -2*p - 18, -3*a + 4 = -4*p - 12. What are the prime factors of h(p)?
2, 5
Let l = 788 + -300. Suppose -2*f + 662 = -l. What are the prime factors of f?
5, 23
Let t(j) = -j**2 - 28*j - 24. Let c be t(-21). Let x = 492 - c. List the prime factors of x.
3, 41
Let q(n) be the second derivative of -n**5/20 + 7*n**4/4 - 5*n**3/6 + 29*n**2/2 + 44*n + 2. What are the prime factors of q(13)?
2, 7, 47
Let a(w) = -1417*w - 1272. List the prime factors of a(-14).
2, 9283
List the prime factors of (-9613996)/(-2597) + 4/106.
2, 3, 617
Suppose 4*y + 224 + 500 = 4*l, 3*l - 537 = 5*y. Let x be (-1206)/16 - (76/(-32) - -2). Let n = x + l. List the prime factors of n.
109
Let l(v) = 4*v**2 - 10*v - 17. Let t be l(21). Let x = 3142 - t. What are the prime factors of x?
3, 5, 107
Let r(a) = 5611*a - 67. List the prime factors of r(1).
2, 3, 7, 11
Let c be (-76 - -19)/(3/(-8)). Let n = 468 - c. What are the prime factors of n?
2, 79
Let n(j) = 2*j + 27. Let g(a) = 8*a**3 + a**2 - a. Let v = -18 - -19. Let c be g(v). What are the prime factors of n(c)?
43
Let l(w) = -4*w**2 + 30*w + 34. Let u be l(18). Let j = -49 - u. List the prime factors of j.
673
Suppose 18 = 2*z + 5*o, -4*z + 17 + 9 = 5*o. Let p(b) = 10*b**3 + 5*b**2 - 2*b - 1. What are the prime factors of p(z)?
3, 79
Let y(m) = -m**2 - 35*m - 24. Let k be y(-16). Let n be (k/(-15) - 4) + (-2)/(-3). Let l = 57 + n. List the prime factors of l.
5, 7
Let u be (-8)/(-2) - (-1 - -4)/(-3). Suppose u*a = 3*a + 4*h + 710, 0 = 3*a - 5*h - 1066. Let j = a - 252. List the prime factors of j.
3, 5, 7
Let h(l) = l**3 - 11*l**2 - 13*l + 13. Suppose 14*t - 60 = 9*t. Let f be h(t). What are the prime factors of (-4*3/(-24)*146)/f?
73
Let u be 4/28*-2 + (-1166)/(-14). Let g = u - -40. Suppose -2*k = 5*f - 40, k - g = -4*k - f. What are the prime factors of k?
5
Let p = -247 + 234. Let w(j) = -28*j + 56.